alue of -8 - ((-7 - 5) + 9) - -6?
1
Calculate -11 - (12 + (2 - 12 - -5)).
-18
Evaluate (5 - (-6 + 4)) + 3 + 1 + -6.
5
Evaluate 17 - (-12 + 33 - 21).
17
What is 10 - (27 - 28) - 14?
-3
Calculate 109 - 115 - (-5 + (-4 - -4)).
-1
What is the value of 1 + -10 + -3 + 2 + (20 - 2)?
8
What is the value of 8 + -3 - (34 + -70 - -60)?
-19
What is 4 - -15 - (-40 - -51)?
8
-14 - (6 + -36 + (16 - 32))
32
Calculate -5 + 1 - (3 + -3 + 6).
-10
What is -31 - (8 + 5 + -11 - 16)?
-17
Calculate (5 - (-5 - -5)) + 0 + (-4 - 7).
-6
What is 0 - (-4 - -2 - -8 - (-20 - -17))?
-9
What is 30 + -14 + 0 + 2 + 8 - 0?
26
Evaluate -21 + 14 + (1 - 4) + 3 + -1.
-8
-5 + 0 - (1 + 1) - (-157 - -159)
-9
Evaluate 12 - (1 - (-6 - -6)).
11
8 + -7 + 6 + 3 + 0
10
What is 23 - 18 - (-14 - -22)?
-3
(22 - -25 - 27) + -8 + (1 - 2)
11
Evaluate -33 - (-27 + -1) - -27.
22
(4 - (0 + 2)) + (-28 - -23)
-3
Evaluate (10 + -1 - 1) + 493 + -500.
1
Evaluate (0 - (-3 + 16)) + 11 - (-3 - 0).
1
0 + 14 - 1 - (53 + (-34 - 19))
13
What is the value of -2 - -5 - (68 + -57)?
-8
1 - (8 + (-19 - -8 - 8))
12
Calculate -27 + -24 + 12 + 29.
-10
Calculate -15 + 0 + 3 - (-740 + 731).
-3
What is the value of 9 + (3 - (6 - -1))?
5
(19 - -9) + (-28 - -10)
10
What is the value of (-172 - -154) + (3 - 4 - -2 - 2)?
-19
What is -5 - -3 - (8 - 1)?
-9
Evaluate -15 + 10 + (15 - 1).
9
Evaluate -2 - -14 - (2 + (0 - 4 - 0)).
14
Calculate 14 + (46 - 27) + -30.
3
Calculate -2 + 0 - (-12 + (16 - -2)).
-8
(27 + -26 - 6) + (-1 - 1)
-7
What is (-15 - 0 - -9) + (-6 - 2 - -1)?
-13
What is the value of 18 + (1 - (-16 - -6))?
29
What is -93 - -92 - (-2 + (3 - 8))?
6
What is -12 + 8 + -9 + 17 - (1 - -1)?
2
Calculate -2 - (-10 + 0) - 6 - -3.
5
Evaluate (27 - 29) + 0 + 0 + 8 + 0.
6
What is the value of (2 + 0 - -1) + 96 + -108?
-9
What is (-9 - -16) + 0 - (1 + -1) - -17?
24
Evaluate 0 + 3 - (619 - 601).
-15
Evaluate 0 - (0 + 1 + -1) - (153 + -155).
2
What is the value of -19 + 19 - (-2 - -12) - -8 - -10?
8
What is the value of -8 - -4 - (22 - 29)?
3
What is -8 + 10 + 8 - (8 + -6 - -1)?
7
What is (-10 - -16) + -22 - -4 - -5?
-7
2 + -23 - (-93 - -82)
-10
Calculate -21 + -11 + (36 + -12 - -1).
-7
Evaluate 9 - (-5 - -9 - 4) - 13.
-4
What is (55 - 46) + -17 + (-5 - -7)?
-6
What is -22 - (1 + (-12 - -2 - 4))?
-9
What is the value of 19 - (-112 - -114 - ((0 - 4) + -1))?
12
What is the value of (-2 - 3) + -3 + 19 + -17?
-6
Calculate -40 + 1 + (-85 - -112).
-12
Calculate 26 - (21 + -18 - -8).
15
What is the value of -13 + 24 - (-4 - (-21 + 5))?
-1
-28 + 7 + 12 - (2 - -1)
-12
What is 7 - 4 - (3 + -4 - (14 + -27))?
-9
What is the value of -10 + (2 - 2) - (1910 - 1950)?
30
Evaluate (-21 - (21 + -14)) + 28.
0
Evaluate 8 + 7 + -4 - 4.
7
Evaluate 14 + (22 - 23 - 20).
-7
What is the value of 5 + -3 + -7 + 5 - 6 - -41?
35
Calculate -2 + (10 - (-8 + 19 - 3)).
0
7 + -7 + (-23 - -26) + (22 - 0)
25
Evaluate -13 - (14 + (-7 - (13 - 5))).
-12
What is -7 + -4 + 16 - (4 + 23)?
-22
(31 - 9) + 3 - 14
11
(-6 + 10 + -6 + 5 - -10) + -3
10
-5 + -1 + (-42 - -50) + (-7 - -4)
-1
What is 8 + -35 + 8 + 7?
-12
Calculate 65 + -68 + 28 + -17.
8
What is 0 - 44 - (-9 + -14)?
-21
4 + 14 + -11 - (-3 - (1 + -28))
-17
Evaluate (-2 - (6 - 1)) + 12 - -3.
8
What is the value of (-7 - -17) + (13 - 5)?
18
What is the value of -3 - (2 - -27) - -16?
-16
-43 - (-10 + -8) - (4 - 17)
-12
Calculate (4 - 2) + (-18 - -40) - 6.
18
What is 27 - 0 - (0 - (27 + -36))?
18
Calculate 250 + -249 + -1 + 0 + 1.
1
-5 - -13 - ((-1 - -7) + -19 + 46)
-25
What is the value of 11 + 3 + -5 + -1 - 7 - -20?
21
Calculate -21 - (-13 - 15 - 4).
11
Evaluate -9 + -1 + 5 - (3 - -7).
-15
Evaluate 1 - -12 - (21 + -6).
-2
(-1 - 38) + (100 - 66)
-5
What is the value of -17 + 12 + -14 + 11 + -13?
-21
Evaluate 2 - ((-4 - (-14 - -4)) + -10) - 1.
5
Calculate 38 + -21 - (7 + 2).
8
Evaluate -2 - (2 - 8) - -3 - 21.
-14
Calculate -2 + -8 + 27 - (-2 + 1 + 3).
15
What is -6 - (6 + -1) - -9?
-2
Calculate (-1 - 8) + 26 + -21 + -9 + -7.
-20
What is 4 + (-2 - 5) + 0 - -16?
13
What is the value of (9 - (-5 + 8 - (3 - 4))) + 1?
6
Calculate -5 - 4 - (-3 - (12 - 9)) - 6.
-9
-28 - -18 - (8 - (-3 + 6) - 2)
-13
Calculate 0 + 1 + -1 + 0 + -202 + 190.
-12
8 + 4 + -7 + -4 - -2
3
Calculate (24 - 21) + 3 - (1 + 3).
2
What is (-209 - -224) + 4 + (-1 - -2)?
20
-6 + (-1 - 1) + 1 + 12
5
What is -223 + 216 + 0 + 3 + -2 + 1?
-5
What is -11 + -5 + 6 + (3 - 3 - -10)?
0
What is 4 + -30 + 3 + 30?
7
What is (5 - 7) + -1 - (0 + 3 - 7)?
1
(22 + -47 - -13) + (-1 - -1 - -5)
-7
Evaluate -7 + 18 + -24 - (4 + -6 + -1).
-10
Calculate 0 + -23 + (8 - -31).
16
Calculate (56 - 50) + (2 - (3 - (1 - 19))).
-13
What is (-15 - -26 - 28) + 4 + (-4 - -1)?
-16
What is -411 + 410 - (-20 - -2)?
17
What is the value of -6 + 1 + 2 + 7 + 8?
12
2 + (1 - -2 - (-11 - -34))
-18
4 - (9 - 3) - (-30 + 29)
-1
Evaluate -5 - 0 - (-66 + 38) - 4.
19
What is 71 + -77 + (11 + 1 - (-8 + 10))?
4
What is (10 + -8 + 3 - -4) + -15?
-6
What is the value of 0 + 16 + -110 + 93 + -25?
-26
What is 0 + 8 + (-3 + 15 - (-45 + 36))?
29
-91 + 101 - (2 + (7 - 2))
3
Evaluate -53 - -26 - (-22 + 4).
-9
Evaluate -18 - ((24 - 13) + -22).
-7
What is -13 + -18 + (1 + 3 - 5)?
-32
What is the value of -1 + (-35 - -36) + -1 + -10 + 1?
-10
(-17 + -4 - -22) + -20
-19
What is the value of (28 - (19 - 8 - 7)) + -10?
14
Calculate (0 - -3) + 1 + -12 + 2.
-6
Evaluate 32 + -10 - (4 - (-4 - -2)).
16
(16 - (23 - 23)) + -31
-15
Calculate -236 + 242 - ((-2 - 0) + 0 + 5).
3
Calculate -10 + -15 + 6 + 34.
15
(7 - 24) + 35 + -2
16
What is (0 - 1) + (-11 - (-5 + -2 - 9))?
4
Evaluate (2 + -15 - -8) + 9 + 1.
5
What is the value of 3 + (5 - (3 + 2 - 9 - -6))?
6
What is (-24 - (-1 - 15)) + 1?
-7
Calculate (4 - 3 - 19) + 12.
-6
What is (504 - 512) + 2 + (15 - 1)?
8
What is 7 + (5 - 4) + -202 + 219?
25
Evaluate 8 - (2 + -11) - 6.
11
What is the value of 82 + -43 + -24 + (-42 - 0)?
-27
What is -8 + 40 - 41 - (-33 - (2 + 0))?
26
What is the value of (-4 + -8 + 11 - -3) + -12?
-10
What is the value of 23 + -48 + 27 + -6?
-4
Evaluate 0 + (-7 - -3) - (6 + -2).
-8
(-17 - -20) + 1 + -12 + 7 + 5
4
Evaluate (44 - 84) + 55 + -2 + 3 + 4.
20
(-10 - (63 - 87)) + (-6 - -1)
9
6 + (1 - -5 - (6 - -7))
-1
Calculate -22 + 10 + 15 - -2 - (-1 - -10).
-4
1 + -30 - (-22 - (-63 + 33))
-37
Evaluate 18 - (9 + -5 + 3 + -10 + 12).
9
Calculate -1545 + 1579 - (-1 - -31).
4
What is 10 + (16 - 33) + (-3 - 5)?
-15
What is (-22 - -14 - -39) + (-2 - 4)?
25
Calculate 849 + -831 + (1 - 20) + (-1 - 16).
-18
Evaluate (6 + -2 - -1) + (-40 - -22) + 28.
15
What is (-34 - -27) + -9 + -1 + 0?
-17
Calculate 6 + 0 - (14 + -6 + -15).
13
Calculate 7 + (7 - (4 + -7 + 1 + 5)).
11
Calculate 10 - -1 - (-24 - 20 - -41).
14
-58 + 57 - (9 - (1 + 0)) - -4
-5
(-32 - -3) + 21 - (1 - -2)
-11
What is -33 + 21 + 4 + 8?
0
Calculate (-50 - -41 - -18) + -9.
0
Calculate 13 - (-11 - -15 - (-1 + -1 + 9)).
16
Calculate -12 - (-38 + (-4 - -20)).
10
-8 + (8 - 5) + -4 + 9
0
11 - (42 + (-26 - 1))
-4
Evaluate 0 - 9 - (-14 + 8 + -13).
10
What is 8 + (3 - (-12 + (11 - -13)))?
-1
What is the value of (1 + -1 - 29) + (46 - (124 - 77))?
-30
Calculate -2 - (0 + (-4 - (7 + -3))).
6
0 + (0 - 13) + (33 - (48 + -26))
-2
Calculate (-13 - -16) + 19 + -13 - (40 - 2).
-29
Evaluate (-1 + 13 + 1 - 19) + -7.
-13
-7 + (5 - -2) + 1 + -7
-6
What is -192 + 205 - (-2 - -7)?
8
Evaluate -4 + (-15 - 3) + (15 - 5).
-12
What is the value of -3 + (10 - (-1 + -12 + 5) - -2)?
17
What is the value of 17 - (1 + 9 + (-14 - -7))?
14
What is (17 - (7 + -14)) + -20?
4
What is -900 + 906 + (0 + 1 - (-1 + -2))?
10
What is the value of (-150 - -139) + (-2 + 1 - -2 - 1)?
-11
What is 13 + -45 + 27 + 2 + -3 - -17?
11
What is the value of 24 + (-16 - -10) - -16 - 12?
22
Evaluate -6 + (7 - -28) + (1 - 12).
18
Calculate -2 + (0 - 0) + 7 + 0.
5
What is the value of 0 + 13 + -29 - -28?
12
Evaluate (2 + -1 - (-49 - -57)) + 10.
3
Evaluate 0 + 3 + -1 + (-26 - (-4 + -9)).
-11
9 + (145 - 149) + (-2 - (-2 + 8))
-3
What is 6 - (28 - 18) - (4 - 0)?
-8
What is the value of 6 + 13 + 10 + -16 + 8?
21
Calculate -1 + 5 + (-2 - -35 - 44).
-7
What is (0 - (-5 + -36)) + 174 + -177?
38
Evaluate -3 - (9 + (-5 - 10)) - (1 + 1).
1
What is the value of 31 - (39 + -10) - -8?
10
What is the value of (15 + -6 - 33) + 52?
28
Calculate 3 + -16 + -13 + 16.
-10
Evaluate -29 - (39 + (-64 -